ulate the remainder when 213 is divided by 74.
65
Calculate the remainder when 599 is divided by 17.
4
What is the remainder when 384 is divided by 128?
0
What is the remainder when 492 is divided by 19?
17
What is the remainder when 1265 is divided by 183?
167
What is the remainder when 586 is divided by 22?
14
What is the remainder when 713 is divided by 40?
33
What is the remainder when 155 is divided by 5?
0
What is the remainder when 454 is divided by 14?
6
Calculate the remainder when 491 is divided by 19.
16
What is the remainder when 165 is divided by 9?
3
What is the remainder when 1770 is divided by 104?
2
What is the remainder when 610 is divided by 13?
12
Calculate the remainder when 388 is divided by 98.
94
What is the remainder when 13698 is divided by 4?
2
Calculate the remainder when 99 is divided by 35.
29
What is the remainder when 356 is divided by 95?
71
Calculate the remainder when 9269 is divided by 45.
44
What is the remainder when 351 is divided by 82?
23
What is the remainder when 7540 is divided by 82?
78
What is the remainder when 17507 is divided by 103?
100
What is the remainder when 108 is divided by 102?
6
What is the remainder when 564 is divided by 63?
60
Calculate the remainder when 1507 is divided by 481.
64
Calculate the remainder when 5855 is divided by 61.
60
Calculate the remainder when 577 is divided by 113.
12
Calculate the remainder when 1407 is divided by 59.
50
Calculate the remainder when 173 is divided by 1.
0
Calculate the remainder when 5074 is divided by 1013.
9
Calculate the remainder when 2599 is divided by 649.
3
What is the remainder when 90 is divided by 47?
43
What is the remainder when 3165 is divided by 1053?
6
Calculate the remainder when 140 is divided by 58.
24
Calculate the remainder when 55 is divided by 46.
9
What is the remainder when 156 is divided by 23?
18
Calculate the remainder when 23516 is divided by 3919.
2
What is the remainder when 11879 is divided by 54?
53
What is the remainder when 68 is divided by 28?
12
Calculate the remainder when 1124 is divided by 49.
46
What is the remainder when 1207 is divided by 198?
19
Calculate the remainder when 815 is divided by 24.
23
Calculate the remainder when 2396 is divided by 47.
46
What is the remainder when 23 is divided by 3?
2
What is the remainder when 915 is divided by 34?
31
What is the remainder when 5710 is divided by 24?
22
Calculate the remainder when 1774 is divided by 147.
10
What is the remainder when 513 is divided by 6?
3
Calculate the remainder when 152 is divided by 9.
8
Calculate the remainder when 1485 is divided by 76.
41
Calculate the remainder when 1663 is divided by 163.
33
Calculate the remainder when 132 is divided by 23.
17
What is the remainder when 155 is divided by 22?
1
What is the remainder when 103 is divided by 2?
1
Calculate the remainder when 45 is divided by 2.
1
Calculate the remainder when 430 is divided by 379.
51
Calculate the remainder when 123 is divided by 16.
11
What is the remainder when 253 is divided by 124?
5
Calculate the remainder when 60 is divided by 29.
2
Calculate the remainder when 353 is divided by 173.
7
Calculate the remainder when 139 is divided by 14.
13
Calculate the remainder when 49047 is divided by 8.
7
What is the remainder when 737 is divided by 181?
13
What is the remainder when 298 is divided by 101?
96
What is the remainder when 214 is divided by 77?
60
What is the remainder when 94 is divided by 33?
28
Calculate the remainder when 590 is divided by 184.
38
What is the remainder when 1251 is divided by 34?
27
What is the remainder when 395 is divided by 20?
15
What is the remainder when 99 is divided by 5?
4
Calculate the remainder when 921 is divided by 13.
11
Calculate the remainder when 8582 is divided by 116.
114
Calculate the remainder when 17406 is divided by 17.
15
What is the remainder when 5165 is divided by 64?
45
What is the remainder when 1504 is divided by 171?
136
Calculate the remainder when 1097 is divided by 99.
8
What is the remainder when 519 is divided by 10?
9
Calculate the remainder when 102 is divided by 30.
12
What is the remainder when 110 is divided by 47?
16
What is the remainder when 1539 is divided by 28?
27
Calculate the remainder when 21312 is divided by 203.
200
What is the remainder when 41 is divided by 3?
2
What is the remainder when 235 is divided by 30?
25
What is the remainder when 118 is divided by 56?
6
What is the remainder when 142 is divided by 54?
34
What is the remainder when 234 is divided by 74?
12
What is the remainder when 1324 is divided by 89?
78
Calculate the remainder when 506 is divided by 13.
12
Calculate the remainder when 31 is divided by 14.
3
What is the remainder when 43 is divided by 22?
21
Calculate the remainder when 632 is divided by 217.
198
Calculate the remainder when 4177 is divided by 44.
41
What is the remainder when 56 is divided by 21?
14
Calculate the remainder when 260 is divided by 154.
106
What is the remainder when 525 is divided by 16?
13
Calculate the remainder when 506 is divided by 174.
158
Calculate the remainder when 484 is divided by 232.
20
Calculate the remainder when 883 is divided by 7.
1
What is the remainder when 172 is divided by 44?
40
Calculate the remainder when 43152 is divided by 11.
10
Calculate the remainder when 1703 is divided by 74.
1
Calculate the remainder when 152 is divided by 57.
38
Calculate the remainder when 8 is divided by 6.
2
What is the remainder when 1967 is divided by 73?
69
What is the remainder when 376 is divided by 183?
10
Calculate the remainder when 573 is divided by 42.
27
Calculate the remainder when 103 is divided by 36.
31
Calculate the remainder when 23 is divided by 10.
3
Calculate the remainder when 66 is divided by 17.
15
What is the remainder when 52 is divided by 19?
14
Calculate the remainder when 81 is divided by 31.
19
Calculate the remainder when 95 is divided by 22.
7
What is the remainder when 157 is divided by 23?
19
What is the remainder when 37 is divided by 11?
4
What is the remainder when 205 is divided by 72?
61
Calculate the remainder when 1449 is divided by 33.
30
Calculate the remainder when 362 is divided by 19.
1
What is the remainder when 381 is divided by 30?
21
Calculate the remainder when 137 is divided by 76.
61
Calculate the remainder when 2806 is divided by 11.
1
Calculate the remainder when 121 is divided by 32.
25
What is the remainder when 207 is divided by 55?
42
What is the remainder when 467 is divided by 160?
147
Calculate the remainder when 176 is divided by 59.
58
Calculate the remainder when 251 is divided by 29.
19
What is the remainder when 639 is divided by 80?
79
Calculate the remainder when 270 is divided by 91.
88
Calculate the remainder when 674 is divided by 38.
28
Calculate the remainder when 154 is divided by 18.
10
Calculate the remainder when 577 is divided by 170.
67
What is the remainder when 96 is divided by 39?
18
What is the remainder when 228 is divided by 96?
36
Calculate the remainder when 5304 is divided by 10.
4
What is the remainder when 297 is divided by 102?
93
What is the remainder when 228 is divided by 59?
51
Calculate the remainder when 99 is divided by 13.
8
Calculate the remainder when 164 is divided by 55.
54
What is the remainder when 42 is divided by 28?
14
Calculate the remainder when 713 is divided by 240.
233
Calculate the remainder when 155 is divided by 79.
76
Calculate the remainder when 479 is divided by 80.
79
Calculate the remainder when 1070 is divided by 96.
14
Calculate the remainder when 1461 is divided by 34.
33
Calculate the remainder when 16 is divided by 10.
6
What is the remainder when 1076 is divided by 17?
5
What is the remainder when 1113 is divided by 6?
3
What is the remainder when 576 is divided by 431?
145
What is the remainder when 9242 is divided by 23?
19
Calculate the remainder when 65 is divided by 11.
10
What is the remainder when 295 is divided by 256?
39
Calculate the remainder when 1251 is divided by 42.
33
What is the remainder when 90 is divided by 78?
12
Calculate the remainder when 275 is divided by 153.
122
Calculate the remainder when 36 is divided by 20.
16
Calculate the remainder when 101 is divided by 36.
29
What is the 